{"id":1076,"date":"2026-04-05T01:13:19","date_gmt":"2026-04-05T04:13:19","guid":{"rendered":"https:\/\/lomasonline.ar\/re9bur2\/?post_type=product&#038;p=1076"},"modified":"2026-04-05T01:13:53","modified_gmt":"2026-04-05T04:13:53","slug":"penthouse-exclusivo-con-terraza-privada-km-50","status":"publish","type":"product","link":"https:\/\/lomasonline.ar\/re9bur2\/producto\/penthouse-exclusivo-con-terraza-privada-km-50\/","title":{"rendered":"Penthouse Exclusivo con Terraza Privada \u2013 KM 50"},"content":{"rendered":"<p data-path-to-node=\"12\">Ubicado en un complejo de \u00faltima generaci\u00f3n sobre el KM 50, este Penthouse redefine el concepto de vivienda urbana:<\/p>\n<ul data-path-to-node=\"13\">\n<li>\n<p data-path-to-node=\"13,0,0\"><b data-path-to-node=\"13,0,0\" data-index-in-node=\"0\">Ambientes:<\/b> Living apaisado con salida directa a terraza propia de 40m\u00b2. Cocina de concepto abierto con mobiliario a medida.<\/p>\n<\/li>\n<li>\n<p data-path-to-node=\"13,1,0\"><b data-path-to-node=\"13,1,0\" data-index-in-node=\"0\">Detalles:<\/b> Calefacci\u00f3n por losa radiante, aberturas de doble vidriado herm\u00e9tico (DVH) y pisos de porcelanato de gran formato.<\/p>\n<\/li>\n<li>\n<p data-path-to-node=\"13,2,0\"><b data-path-to-node=\"13,2,0\" data-index-in-node=\"0\">Amenities:<\/b> Acceso a gimnasio de alta complejidad, piscina climatizada y seguridad las 24 horas con control de acceso biom\u00e9trico.<\/p>\n<\/li>\n<\/ul>\n","protected":false},"excerpt":{"rendered":"<p>Lujo y confort en el coraz\u00f3n del polo urbano de Pilar. Unidad funcional de categor\u00eda con vistas panor\u00e1micas y terminaciones premium, ideal para quienes buscan seguridad y cercan\u00eda.<\/p>\n","protected":false},"featured_media":1077,"template":"","meta":{"site-sidebar-layout":"default","site-content-layout":"","ast-site-content-layout":"default","site-content-style":"default","site-sidebar-style":"default","ast-global-header-display":"","ast-banner-title-visibility":"","ast-main-header-display":"","ast-hfb-above-header-display":"","ast-hfb-below-header-display":"","ast-hfb-mobile-header-display":"","site-post-title":"","ast-breadcrumbs-content":"","ast-featured-img":"","footer-sml-layout":"","ast-disable-related-posts":"","theme-transparent-header-meta":"default","adv-header-id-meta":"","stick-header-meta":"","header-above-stick-meta":"","header-main-stick-meta":"","header-below-stick-meta":"","astra-migrate-meta-layouts":"set","ast-page-background-enabled":"default","ast-page-background-meta":{"desktop":{"background-color":"var(--ast-global-color-4)","background-image":"","background-repeat":"repeat","background-position":"center center","background-size":"auto","background-attachment":"scroll","background-type":"","background-media":"","overlay-type":"","overlay-color":"","overlay-opacity":"","overlay-gradient":""},"tablet":{"background-color":"","background-image":"","background-repeat":"repeat","background-position":"center center","background-size":"auto","background-attachment":"scroll","background-type":"","background-media":"","overlay-type":"","overlay-color":"","overlay-opacity":"","overlay-gradient":""},"mobile":{"background-color":"","background-image":"","background-repeat":"repeat","background-position":"center center","background-size":"auto","background-attachment":"scroll","background-type":"","background-media":"","overlay-type":"","overlay-color":"","overlay-opacity":"","overlay-gradient":""}},"ast-content-background-meta":{"desktop":{"background-color":"var(--ast-global-color-5)","background-image":"","background-repeat":"repeat","background-position":"center center","background-size":"auto","background-attachment":"scroll","background-type":"","background-media":"","overlay-type":"","overlay-color":"","overlay-opacity":"","overlay-gradient":""},"tablet":{"background-color":"var(--ast-global-color-5)","background-image":"","background-repeat":"repeat","background-position":"center center","background-size":"auto","background-attachment":"scroll","background-type":"","background-media":"","overlay-type":"","overlay-color":"","overlay-opacity":"","overlay-gradient":""},"mobile":{"background-color":"var(--ast-global-color-5)","background-image":"","background-repeat":"repeat","background-position":"center center","background-size":"auto","background-attachment":"scroll","background-type":"","background-media":"","overlay-type":"","overlay-color":"","overlay-opacity":"","overlay-gradient":""}},"_joinchat":[]},"product_brand":[],"product_cat":[15],"product_tag":[],"class_list":{"0":"post-1076","1":"product","2":"type-product","3":"status-publish","4":"has-post-thumbnail","6":"product_cat-venta","7":"desktop-align-left","8":"tablet-align-left","9":"mobile-align-left","11":"first","12":"instock","13":"shipping-taxable","14":"purchasable","15":"product-type-simple"},"_links":{"self":[{"href":"https:\/\/lomasonline.ar\/re9bur2\/wp-json\/wp\/v2\/product\/1076","targetHints":{"allow":["GET"]}}],"collection":[{"href":"https:\/\/lomasonline.ar\/re9bur2\/wp-json\/wp\/v2\/product"}],"about":[{"href":"https:\/\/lomasonline.ar\/re9bur2\/wp-json\/wp\/v2\/types\/product"}],"wp:featuredmedia":[{"embeddable":true,"href":"https:\/\/lomasonline.ar\/re9bur2\/wp-json\/wp\/v2\/media\/1077"}],"wp:attachment":[{"href":"https:\/\/lomasonline.ar\/re9bur2\/wp-json\/wp\/v2\/media?parent=1076"}],"wp:term":[{"taxonomy":"product_brand","embeddable":true,"href":"https:\/\/lomasonline.ar\/re9bur2\/wp-json\/wp\/v2\/product_brand?post=1076"},{"taxonomy":"product_cat","embeddable":true,"href":"https:\/\/lomasonline.ar\/re9bur2\/wp-json\/wp\/v2\/product_cat?post=1076"},{"taxonomy":"product_tag","embeddable":true,"href":"https:\/\/lomasonline.ar\/re9bur2\/wp-json\/wp\/v2\/product_tag?post=1076"}],"curies":[{"name":"wp","href":"https:\/\/api.w.org\/{rel}","templated":true}]}}