{"id":877,"date":"2025-07-01T13:54:14","date_gmt":"2025-07-01T16:54:14","guid":{"rendered":"https:\/\/lomasonline.ar\/re9bur2\/?post_type=product&#038;p=877"},"modified":"2026-04-05T01:09:00","modified_gmt":"2026-04-05T04:09:00","slug":"casa-en-venta-en-pilar","status":"publish","type":"product","link":"https:\/\/lomasonline.ar\/re9bur2\/producto\/casa-en-venta-en-pilar\/","title":{"rendered":"Residencia Minimalista en Estancias del Pilar"},"content":{"rendered":"<p data-path-to-node=\"6\"><b data-path-to-node=\"6\" data-index-in-node=\"0\">Descripci\u00f3n del Producto:<\/b> Esta propiedad destaca por su arquitectura funcional y el uso de materiales nobles como el hormig\u00f3n visto y grandes superficies vidriadas. Desarrollada en dos plantas, cuenta con:<\/p>\n<ul data-path-to-node=\"7\">\n<li>\n<p data-path-to-node=\"7,0,0\"><b data-path-to-node=\"7,0,0\" data-index-in-node=\"0\">Planta Baja:<\/b> Amplio living comedor con techos de doble altura, cocina integrada con isla de dise\u00f1o y galer\u00eda aterrazada con parrilla.<\/p>\n<\/li>\n<li>\n<p data-path-to-node=\"7,1,0\"><b data-path-to-node=\"7,1,0\" data-index-in-node=\"0\">Planta Alta:<\/b> Tres suites con vistas al jard\u00edn, incluyendo una master suite con vestidor y salida a balc\u00f3n privado.<\/p>\n<\/li>\n<li>\n<p data-path-to-node=\"7,2,0\"><b data-path-to-node=\"7,2,0\" data-index-in-node=\"0\">Exterior:<\/b> Piscina de borde infinito y parquizaci\u00f3n dise\u00f1ada por paisajistas, optimizando la luz natural en todo el terreno.<\/p>\n<\/li>\n<\/ul>\n","protected":false},"excerpt":{"rendered":"<p>Propiedad de autor con l\u00edneas puras y gran integraci\u00f3n visual. Ubicada en un lote interno preferencial, ofrece privacidad y un dise\u00f1o de vanguardia en una de las zonas m\u00e1s consolidadas de Pilar.<\/p>\n","protected":false},"featured_media":1071,"template":"","meta":{"site-sidebar-layout":"default","site-content-layout":"","ast-site-content-layout":"default","site-content-style":"default","site-sidebar-style":"default","ast-global-header-display":"","ast-banner-title-visibility":"","ast-main-header-display":"","ast-hfb-above-header-display":"","ast-hfb-below-header-display":"","ast-hfb-mobile-header-display":"","site-post-title":"","ast-breadcrumbs-content":"","ast-featured-img":"","footer-sml-layout":"","ast-disable-related-posts":"","theme-transparent-header-meta":"default","adv-header-id-meta":"","stick-header-meta":"","header-above-stick-meta":"","header-main-stick-meta":"","header-below-stick-meta":"","astra-migrate-meta-layouts":"set","ast-page-background-enabled":"default","ast-page-background-meta":{"desktop":{"background-color":"var(--ast-global-color-4)","background-image":"","background-repeat":"repeat","background-position":"center center","background-size":"auto","background-attachment":"scroll","background-type":"","background-media":"","overlay-type":"","overlay-color":"","overlay-opacity":"","overlay-gradient":""},"tablet":{"background-color":"","background-image":"","background-repeat":"repeat","background-position":"center center","background-size":"auto","background-attachment":"scroll","background-type":"","background-media":"","overlay-type":"","overlay-color":"","overlay-opacity":"","overlay-gradient":""},"mobile":{"background-color":"","background-image":"","background-repeat":"repeat","background-position":"center center","background-size":"auto","background-attachment":"scroll","background-type":"","background-media":"","overlay-type":"","overlay-color":"","overlay-opacity":"","overlay-gradient":""}},"ast-content-background-meta":{"desktop":{"background-color":"var(--ast-global-color-5)","background-image":"","background-repeat":"repeat","background-position":"center center","background-size":"auto","background-attachment":"scroll","background-type":"","background-media":"","overlay-type":"","overlay-color":"","overlay-opacity":"","overlay-gradient":""},"tablet":{"background-color":"var(--ast-global-color-5)","background-image":"","background-repeat":"repeat","background-position":"center center","background-size":"auto","background-attachment":"scroll","background-type":"","background-media":"","overlay-type":"","overlay-color":"","overlay-opacity":"","overlay-gradient":""},"mobile":{"background-color":"var(--ast-global-color-5)","background-image":"","background-repeat":"repeat","background-position":"center center","background-size":"auto","background-attachment":"scroll","background-type":"","background-media":"","overlay-type":"","overlay-color":"","overlay-opacity":"","overlay-gradient":""}},"_joinchat":[]},"product_brand":[],"product_cat":[15],"product_tag":[68],"class_list":{"0":"post-877","1":"product","2":"type-product","3":"status-publish","4":"has-post-thumbnail","6":"product_cat-venta","7":"product_tag-pilar-centro","8":"desktop-align-left","9":"tablet-align-left","10":"mobile-align-left","12":"first","13":"instock","14":"shipping-taxable","15":"purchasable","16":"product-type-simple"},"_links":{"self":[{"href":"https:\/\/lomasonline.ar\/re9bur2\/wp-json\/wp\/v2\/product\/877","targetHints":{"allow":["GET"]}}],"collection":[{"href":"https:\/\/lomasonline.ar\/re9bur2\/wp-json\/wp\/v2\/product"}],"about":[{"href":"https:\/\/lomasonline.ar\/re9bur2\/wp-json\/wp\/v2\/types\/product"}],"wp:featuredmedia":[{"embeddable":true,"href":"https:\/\/lomasonline.ar\/re9bur2\/wp-json\/wp\/v2\/media\/1071"}],"wp:attachment":[{"href":"https:\/\/lomasonline.ar\/re9bur2\/wp-json\/wp\/v2\/media?parent=877"}],"wp:term":[{"taxonomy":"product_brand","embeddable":true,"href":"https:\/\/lomasonline.ar\/re9bur2\/wp-json\/wp\/v2\/product_brand?post=877"},{"taxonomy":"product_cat","embeddable":true,"href":"https:\/\/lomasonline.ar\/re9bur2\/wp-json\/wp\/v2\/product_cat?post=877"},{"taxonomy":"product_tag","embeddable":true,"href":"https:\/\/lomasonline.ar\/re9bur2\/wp-json\/wp\/v2\/product_tag?post=877"}],"curies":[{"name":"wp","href":"https:\/\/api.w.org\/{rel}","templated":true}]}}